ose 0 = 840*u - 849*u + 29367. What is the remainder when u is divided by 23?
20
Let x = -3380 + 3393. Calculate the remainder when 709 is divided by x.
7
Let u = 4575 - 2594. What is the remainder when u is divided by 94?
7
Let z(m) = -8*m + 79. Let r be z(12). What is the remainder when 64 is divided by r - -18 - (0 + -4)?
4
Let d(j) = 2*j**2 + 78*j + 16. Let p be d(-36). Let i = p - -234. Calculate the remainder when i is divided by 5.
4
Let c(n) be the second derivative of n**4/12 - 2*n**3/3 - 19*n**2/2 + 5*n - 8. Calculate the remainder when c(-7) is divided by 13.
6
Let v(m) = -m**2 - 4*m + 14. Let u be v(-6). Let p(s) = -5*s**u + 15*s**2 - 8*s**2. What is the remainder when p(3) is divided by 11?
7
Let z(c) = c**3 - 6*c**2 + 4*c - 2. Let w be z(6). Suppose -w*o = -6*o - 304. Calculate the remainder when o is divided by 5.
4
Let c(t) = -8*t**2 + t - 1. Let w be c(1). Let x = 9 - w. Calculate the remainder when 47 + 72/(5 - -4) - 6 is divided by x.
15
Let w = 2164 + -2154. What is the remainder when 147 is divided by w?
7
Let m = -518061 + 518103. Suppose -3*g + 460 = -5*b, -4*b - 165 = g - 2*g. Calculate the remainder when g is divided by m.
19
Suppose -25*o + 21*o = -588. Suppose 273 = 20*x - o. What is the remainder when 36 is divided by x?
15
Let x be (-5)/(0 + (-1)/(5 + -4)). Suppose x*v - 60 = 4*a, -4*v + 4*a - 3*a = -37. Calculate the remainder when 69 is divided by v.
5
Suppose -4*j = d - 47, -4*d - 3*j + 8*j + 188 = 0. Calculate the remainder when 5263 is divided by d.
46
Suppose -78*n = -76*n - 102. Let v = n - 2. Calculate the remainder when v is divided by (1 + 0)*-1 - -18.
15
Let v(h) = h + 10. Suppose 0 = -159*x + 162*x - 96. What is the remainder when x is divided by v(2)?
8
Let s(x) = x**2 + 30*x - 5. Let f be s(-31). Suppose 5 = u + 5*b, -3*b + 3 = -2*u + f. What is the remainder when 57 is divided by u?
7
Let t be 984/9*(-5)/(30/(-9)). Suppose 16 + 376 = -4*s. Let q = t + s. Calculate the remainder when q is divided by 23.
20
Suppose 5*i + k - 228 = 0, 0 = -17*k + 16*k - 2. Suppose 0*d = d - j - 61, d - i = -2*j. Calculate the remainder when 110 is divided by d.
54
What is the remainder when 1204 is divided by 1430/12 - 830/(-996)?
4
Suppose 3*r - 39 = -4*o, 3*o + 0*r = -2*r + 29. Suppose 6*f = 5615 - 4169. What is the remainder when f is divided by o?
7
Suppose 5*f = 3*h - 35, -7*h + 3*h + 5*f + 45 = 0. Let t(a) = 3*a**2 - 19*a. Calculate the remainder when t(h) is divided by 29.
23
Suppose -568*g + 559*g - 405 = 0. Let b(d) = -6*d**2 + 2*d + 2. Let n be b(4). Let y = g - n. What is the remainder when y is divided by 14?
13
Suppose -223*x + 218*x + 25 = 0. Suppose 3*i = -x*b + 32 + 49, -4*i = -2*b + 22. Calculate the remainder when 222 is divided by b.
12
Let v(z) = -4*z**3 - 25*z**2 + z + 1. Calculate the remainder when v(-7) is divided by 72.
69
Suppose 8*s + 1250 = 4*h - s, -4*h + 3*s = -1238. Suppose 0*t - 195 = -3*t + 2*g, -3*t = 2*g - 183. What is the remainder when h is divided by t?
56
Suppose 77 = u - p, -14*u + 4*p + 393 = -9*u. Calculate the remainder when 24818 is divided by u.
83
Let p(c) = 12*c + 25. Let o be p(-17). Let n = 298 + o. Suppose 2*d + 7*a = 4*a + n, -2*a + 60 = d. Calculate the remainder when 228 is divided by d.
54
Let t = 118 - 210. Let r = -61 - t. What is the remainder when r is divided by 8?
7
Let n = -707 + 1748. Suppose 909 = 39*z - n. What is the remainder when 184 is divided by z?
34
Suppose 3*x - 279 = -3*v, 11*x = 8*x + 2*v + 274. Let y(n) = -n**2 - n + 1. Let h be y(8). Let a = h + 120. What is the remainder when x is divided by a?
43
Suppose 4*i = -0*i + 56. Let k = -2256 + 2363. Calculate the remainder when k is divided by i.
9
Let v(w) = -62*w - 8925. What is the remainder when 534 is divided by v(-146)?
26
Let x(b) = 126*b - 3. Let a be x(1). Suppose 10*i = a - 23. Let l(u) = -15*u**3 - 2*u**2 - 4. What is the remainder when l(-2) is divided by i?
8
Let q(u) = -15*u + 4. Let y(p) = p. Let f(g) = -4*g + 20. Let h(b) = f(b) + 2*y(b). Calculate the remainder when q(-5) is divided by h(0).
19
Suppose -258*f - 88 + 13939 = -15*f. What is the remainder when f is divided by -2*(2 - 1) - -22?
17
Let m = -6009 + 6018. What is the remainder when 1106 is divided by m?
8
Let d = 2538 + -2526. Calculate the remainder when 128 is divided by d.
8
Let i(y) = 77*y - 1287. Suppose -3*s + 172 = -s. What is the remainder when s is divided by i(17)?
20
Suppose -2*w = -3*j - 31, -5*w + 69 + 37 = 2*j. Suppose 8*v = 20 - w. Calculate the remainder when 54 + -4 + v + -2 + 1 is divided by 18.
13
Suppose -3*v + 293 = 4*p, -3*v + 3*p = -19 - 260. What is the remainder when 183 is divided by v?
88
Let t = -5767 + 6705. What is the remainder when t is divided by 23?
18
Suppose 55*b = 64*b - 324. Let s(m) = 3*m**2 + 4*m - 6. Let r be s(-5). Suppose -10 = 3*x - r. Calculate the remainder when b is divided by x.
10
Let v(o) = -o**3 - o**2 - 3*o + 65. Suppose 3*m + 9*b - 4*b = 15, -15 = m - 5*b. What is the remainder when v(m) is divided by 11?
10
Let m be ((-26)/39)/((-1)/(-9)). Let w = -18 + 25. What is the remainder when (-8085)/(-264) - m/16 is divided by w?
3
Suppose 4*p - 76 + 28 = 0. Let u(i) = -26*i + 617. Calculate the remainder when u(22) is divided by p.
9
Suppose 3*v + 2*v - 160 = 0. Suppose -303 = -301*r + 298*r. Suppose 6*b + 41 = r. Calculate the remainder when v is divided by b.
2
Calculate the remainder when (0 - -20)*((-4143)/(-12) - (75 + -60)) is divided by 14.
11
Let c = -729 - -734. Suppose -c*w - 1795 = -10*w. What is the remainder when w is divided by 60?
59
Suppose 125*u = 120*u + 1325. Let f = -23 + u. What is the remainder when f is divided by 35?
32
Suppose 74 = 5*j - 4*g, 4*j + 1401*g - 1400*g = 97. Suppose -4*q - 150 = 5*t - 514, 348 = 4*q + t. Calculate the remainder when q is divided by j.
20
Let b(q) = q**2 - 7*q - 13. Suppose -132*c = -131*c - 10. Suppose -4*v + 51 = -69. What is the remainder when v is divided by b(c)?
13
Let x(g) = 2*g + 169. Let b be x(29). Let k = b - 154. Calculate the remainder when k is divided by 19.
16
Suppose 14*d + 7 = 21. Let x(a) = 176*a**3 + 3*a**2 - 6*a + 4. What is the remainder when x(d) is divided by 6?
3
Suppose 3110 = 4*w - 53*b + 50*b, 3*b + 6 = 0. What is the remainder when w is divided by 158?
144
Calculate the remainder when 673 is divided by ((-3134)/(-27) - -2) + (-84)/1134.
83
Suppose 153 = 2*k - 213. What is the remainder when 39 is divided by 4/6*(k/6 - 5)?
5
Suppose 51*g - 47*g = 4796. Let a = g + -815. Calculate the remainder when a is divided by 55.
54
Let l(j) = -212*j - 878. What is the remainder when l(-7) is divided by 76?
74
Suppose -9 - 6 = -3*b - f, 0 = -3*f. Suppose s - 87 = -4*n + 52, 5*n - 167 = s. What is the remainder when n is divided by b?
4
What is the remainder when 3/(13585/3393 + -4) is divided by 257?
12
Let m = -6508 + 8666. What is the remainder when m is divided by 90?
88
Suppose -470 = -4*c + 4*w + 362, -3*w + 421 = 2*c. Calculate the remainder when c is divided by 78.
53
Let j(v) = -4*v**3 + 25*v**2 - 28*v + 26. Suppose 0*m - 3*m - 3 = 0. What is the remainder when -1*((-42)/2 + m) is divided by j(5)?
0
Let i = -10211 - -12776. What is the remainder when i is divided by 26?
17
Let b(k) = 343*k**3 + 4*k**2 - 23*k + 20. What is the remainder when b(1) is divided by 179?
165
Let u(x) = 4*x - 6. Let l(z) = 223*z + 46463. Calculate the remainder when l(-208) is divided by u(6).
7
Suppose f + q = 14, 414 = 3*f + 5*q + 372. Calculate the remainder when 1020 is divided by f.
12
Let h(o) = -o**3 - o**2 + o + 53. Calculate the remainder when h(0) is divided by 130/(-39)*(-12 - (-264)/40).
17
Let f = -3937 + 4035. What is the remainder when 582 is divided by f?
92
Suppose -4*f - 4 = 0, -2*u - f - 461 = -4*u. Suppose 5*t = 2*p + 1198, 3*p - 5*p = t - u. Calculate the remainder when t is divided by 22.
18
Let p(s) = 7*s - 150. Let k be p(22). Let c(q) = -q**3 + 7*q**2 - 5*q - 17. Calculate the remainder when 153 is divided by c(k).
10
Suppose 6*c - i - 21 = 5*c, 2*i - 90 = -4*c. Suppose -3 = w - 6. Suppose -2*r - 41 = -w*r. Calculate the remainder when r is divided by c.
19
Suppose -93 = -18*a + 15*a. What is the remainder when 2227 is divided by a?
26
Suppose -8 = -2*s, 4*u - 504 = -5*s + 4*s. Suppose 224*o - 229